132491 composite?
False
Is 1594487 a prime number?
False
Is 3068269 a prime number?
False
Is 72333067 a prime number?
False
Is 759842483 a composite number?
False
Is 242213523 a prime number?
False
Is 1500593 a prime number?
True
Is 49830063 composite?
True
Is 262432679 composite?
True
Is 8445919 a composite number?
True
Is 21313319 prime?
False
Is 2344367 a composite number?
True
Is 274207459 composite?
False
Is 2628281 composite?
True
Is 13237541 a composite number?
False
Is 15357731 a composite number?
False
Is 31579113 a prime number?
False
Is 9302245 a prime number?
False
Is 1345859 composite?
False
Is 8674859 prime?
True
Is 92479 composite?
False
Is 760289 a prime number?
True
Is 98170507 composite?
False
Is 31676483 prime?
False
Is 1148265709 a composite number?
False
Is 71603897 composite?
True
Is 8377877 prime?
True
Is 4723483 a prime number?
False
Is 365747 a composite number?
False
Is 58690823 composite?
False
Is 959061122 prime?
False
Is 5528717 composite?
True
Is 59168751 a composite number?
True
Is 1427579 composite?
True
Is 44217193 prime?
True
Is 2877043 a prime number?
False
Is 6063121 prime?
False
Is 2969513 a composite number?
True
Is 13248929 a prime number?
True
Is 13890531 composite?
True
Is 16739477 a composite number?
False
Is 19783499 a prime number?
True
Is 6480203 prime?
False
Is 1393429 a prime number?
False
Is 141749395 prime?
False
Is 5668037 composite?
False
Is 219841 prime?
False
Is 3183101 composite?
False
Is 407509013 prime?
True
Is 18490771 composite?
True
Is 8605382 a prime number?
False
Is 153663827 composite?
False
Is 7023733 a prime number?
False
Is 79900879 a composite number?
False
Is 172855379 a prime number?
False
Is 13468057 prime?
False
Is 33792721 prime?
True
Is 5003987 a prime number?
False
Is 1251721 composite?
False
Is 13997791 a prime number?
True
Is 1852441 composite?
True
Is 28819106 a composite number?
True
Is 25432483 prime?
True
Is 17707163 composite?
True
Is 161599699 prime?
True
Is 2142911 a composite number?
False
Is 7499314 composite?
True
Is 2148635 a composite number?
True
Is 211366513 a composite number?
False
Is 11259179 a prime number?
False
Is 186256963 composite?
False
Is 21682321 a composite number?
False
Is 1845103 a composite number?
True
Is 4148789 composite?
True
Is 1396751 composite?
False
Is 129141439 a composite number?
True
Is 492029027 composite?
True
Is 7510933 a composite number?
False
Is 33875255 composite?
True
Is 14756537 composite?
False
Is 1443203 a prime number?
True
Is 4188062 a prime number?
False
Is 109661 a composite number?
False
Is 8053469 composite?
False
Is 26636641 a prime number?
True
Is 470086 composite?
True
Is 855671423 composite?
True
Is 91063499 prime?
True
Is 116672587 composite?
True
Is 47859089 a prime number?
False
Is 860843 a composite number?
False
Is 608087 a prime number?
True
Is 3139133 composite?
True
Is 28107617 a composite number?
False
Is 987697 composite?
False
Is 2549863 composite?
False
Is 10758835 a prime number?
False
Is 128459 a prime number?
False
Is 174550687 prime?
True
Is 1072261 a composite number?
True
Is 16241173 composite?
True
Is 6663383 a composite number?
False
Is 309497957 a prime number?
False
Is 3064031 a composite number?
True
Is 8735005 a prime number?
False
Is 19310587 composite?
True
Is 110089198 a prime number?
False
Is 96370563 a composite number?
True
Is 3278161 a composite number?
True
Is 21894667 a prime number?
True
Is 47784551 a prime number?
False
Is 111021733 a composite number?
False
Is 2503093 composite?
True
Is 69306551 prime?
False
Is 323944627 a prime number?
False
Is 1007527 a prime number?
True
Is 1244279 a prime number?
True
Is 6842207 a composite number?
False
Is 1381421 prime?
True
Is 285948511 prime?
True
Is 817451 composite?
True
Is 4046011 a prime number?
True
Is 5440973 composite?
True
Is 158324291 a composite number?
False
Is 2068333 a prime number?
True
Is 46725698 a prime number?
False
Is 899509133 a composite number?
True
Is 14754889 prime?
True
Is 3718373 prime?
True
Is 1678277 a composite number?
False
Is 2098571 prime?
False
Is 11535473 prime?
False
Is 5502193 a composite number?
False
Is 11838157 a prime number?
False
Is 23207257 prime?
False
Is 187783633 composite?
False
Is 5255843 composite?
False
Is 16791587 a composite number?
True
Is 199536991 a prime number?
True
Is 1527233 a prime number?
False
Is 18364651 composite?
False
Is 33412601 composite?
True
Is 29822917 a prime number?
True
Is 146056073 a prime number?
True
Is 130184081 prime?
True
Is 62865287 a composite number?
False
Is 3041207 composite?
True
Is 63005377 a composite number?
False
Is 26236013 prime?
False
Is 9627481 composite?
False
Is 846271 prime?
True
Is 1011863 a prime number?
False
Is 101593471 a composite number?
True
Is 11197943 a composite number?
False
Is 909696251 a prime number?
True
Is 24972005 prime?
False
Is 26068571 a composite number?
False
Is 24724249 prime?
False
Is 792979 a prime number?
False
Is 48898051 composite?
True
Is 39969353 a composite number?
False
Is 169451221 a composite number?
False
Is 4126754735 a prime number?
False
Is 11475437 a prime number?
False
Is 6759569 composite?
False
Is 4967549 prime?
True
Is 97536053 prime?
True
Is 4685735 a prime number?
False
Is 19369 composite?
True
Is 558552971 a composite number?
False
Is 13210889 a composite number?
False
Is 13912343 composite?
False
Is 20585557 prime?
False
Is 273224947 composite?
True
Is 442931 composite?
True
Is 1730501 composite?
True
Is 38290061 composite?
False
Is 79694159 prime?
False
Is 29947073 a prime number?
False
Is 66722683 prime?
True
Is 91739761 prime?
False
Is 1061251 composite?
False
Is 91404701 a prime number?
False
Is 13556183 a composite number?
False
Is 627901 a prime number?
True
Is 15733163 composite?
False
Is 19880503 prime?
False
Is 16530601 a composite number?
True
Is 61888111 a composite number?
True
Is 861877703 prime?
False
Is 368263 prime?
False
Is 2202091 composite?
True
Is 341869063 a composite number?
False
Is 385504393 composite?
True
Is 140345329 a prime number?
False
Is 38322227 a composite number?
False
Is 2642113 composite?
True
Is 114424417 a composite number?
False
Is 305287781 composite?
False
Is 61733 a composite number?
True
Is 397796159 a prime number?
True
Is 94272349 a prime number?
False
Is 136158713 a prime number?
False
Is 17502347 prime?
True
Is 77947951 a prime number?
True
Is 109239001 composite?
False
Is 323524765 a prime number?
False
Is 72497713 composite?
False
Is 6780409 composite?
True
Is 492057949 composite?
True
Is 219319963 prime?
False
Is 702311 a prime number?
True
Is 106969897 a prime number?
True
Is 275053 prime?
True
Is 30340922 a composite number?
True
Is 623131 a prime number?
False
Is 702983 prime?
True
Is 633923 a composite number?
False
Is 3982478 prime?
False
Is 2039009 a prime number?
False
Is 15217981 prime?
False
Is 17280985 composite?
True
Is 4636091 a prime number?
False
Is 2210321 prime?
True
Is 102854149 a composite number?
True
Is 1593539 prime?
True
Is 198513151 composite?
False
Is 18954955 a composite number?
True
Is 5239153 a composite number?
False
Is 1333849 a prime number?
False
Is 3222787 a prime number?
True
Is 703888709 a composite number?
False
Is 643613 a prime number?
False
Is 31104449 a prime number?
False
Is 93098087 composite?
True
Is 14350553 a composite number?
True
Is 10398499 composite?
True
Is 38031055 composite?
True
Is 277964945 composite?
True
Is 4601843 composite?
False
Is 56893139 prime?
True
Is 131352407 composite?
False
Is 1294919 a composite number?
True
Is 9128377 composite?
False
Is 11790739 a composite number?
True
Is 60525803 a prime number?
False
Is 5429453 a composite number?
False
Is 48813731 a prime number?
False
Is 1354471 prime?
True
Is 32700377 a composite number?
True
Is 13914231 a prime number?
False
Is 3537229 prime?
False
Is 4882523 composite?
False
Is 3077293 a prime number?
True
Is 36987397 prime?
False
Is 82007453 prime?
False
Is 3357997 prime?
False
Is 54239729 a prime number?
True
Is 5437717 prime?
True
Is 71573531 composite?
False
Is 2348987 composite?
False
Is 2340119 prime?
True
Is 372013 a composite number?
False
Is 6642583 composite?
True
Is 21948383 composite?
True
Is 516665869 composite?
Fa